tors of 1258781.
1258781
What are the prime factors of 13950795?
3, 5, 17, 54709
List the prime factors of 2789651.
631, 4421
List the prime factors of 1418421.
3, 431, 1097
List the prime factors of 2168238.
2, 3, 361373
List the prime factors of 1887357.
3, 17, 23, 1609
List the prime factors of 23839630.
2, 5, 43, 55441
What are the prime factors of 2016186?
2, 3, 336031
What are the prime factors of 2214051?
3, 7, 19, 31, 179
What are the prime factors of 383076?
2, 3, 3547
List the prime factors of 109975.
5, 53, 83
What are the prime factors of 6567509?
13, 38861
List the prime factors of 539019.
3, 13, 17, 271
What are the prime factors of 1500369?
3, 13, 17, 31, 73
What are the prime factors of 919875?
3, 5, 11, 223
What are the prime factors of 80439?
3, 26813
What are the prime factors of 5344?
2, 167
What are the prime factors of 543573?
3, 60397
List the prime factors of 24692932.
2, 11, 19, 29537
What are the prime factors of 7954909?
89, 89381
What are the prime factors of 4614855?
3, 5, 7, 43951
What are the prime factors of 1149917?
1149917
What are the prime factors of 524060?
2, 5, 26203
List the prime factors of 1924811.
7, 274973
List the prime factors of 279437.
227, 1231
What are the prime factors of 2149050?
2, 3, 5, 14327
List the prime factors of 298596.
2, 3, 149, 167
What are the prime factors of 1096907?
7, 349, 449
List the prime factors of 300169.
17, 17657
What are the prime factors of 4970533?
19, 131, 1997
What are the prime factors of 1254471?
3, 418157
What are the prime factors of 2471443?
13, 17, 53, 211
List the prime factors of 28520632.
2, 7, 509297
What are the prime factors of 402962?
2, 7, 107, 269
List the prime factors of 6104547.
3, 17, 2347
What are the prime factors of 290769?
3, 103, 941
List the prime factors of 1641769.
311, 5279
List the prime factors of 411727.
411727
What are the prime factors of 1009041?
3, 11, 30577
What are the prime factors of 1825244?
2, 127, 3593
What are the prime factors of 340835?
5, 11, 6197
List the prime factors of 24463911.
3, 67, 121711
What are the prime factors of 4304936?
2, 538117
List the prime factors of 767369.
29, 47, 563
What are the prime factors of 838086?
2, 3, 139681
List the prime factors of 1236314.
2, 41, 15077
List the prime factors of 3356248.
2, 7, 73, 821
What are the prime factors of 4376162?
2, 7, 312583
List the prime factors of 2971035.
3, 5, 103, 641
List the prime factors of 294147.
3, 7, 23, 29
What are the prime factors of 6796481?
17, 399793
What are the prime factors of 1041018?
2, 3, 11, 15773
What are the prime factors of 8165491?
17, 67, 107
What are the prime factors of 211466?
2, 105733
List the prime factors of 9345923.
9345923
List the prime factors of 938665.
5, 7, 13, 2063
List the prime factors of 4600703.
389, 11827
What are the prime factors of 109788?
2, 3, 7, 1307
List the prime factors of 140433.
3, 46811
List the prime factors of 1164633.
3, 388211
What are the prime factors of 5788881?
3, 7, 109, 281
List the prime factors of 280924.
2, 7, 79, 127
What are the prime factors of 24105?
3, 5, 1607
List the prime factors of 316368.
2, 3, 13
List the prime factors of 2458627.
193, 12739
List the prime factors of 1082840.
2, 5, 11, 23, 107
List the prime factors of 538647.
3, 179549
List the prime factors of 19095567.
3, 173, 36793
What are the prime factors of 17850149?
17850149
What are the prime factors of 61669?
83, 743
List the prime factors of 1017093.
3, 7, 11, 17, 37
List the prime factors of 376165.
5, 23, 3271
List the prime factors of 9931497.
3, 439, 7541
What are the prime factors of 7747138?
2, 7, 17, 43, 757
What are the prime factors of 125846?
2, 7, 89, 101
List the prime factors of 81215.
5, 37, 439
List the prime factors of 275810.
2, 5, 27581
List the prime factors of 5000655.
3, 5, 11, 30307
What are the prime factors of 2102747?
17, 37, 3343
List the prime factors of 437031.
3, 7, 991
What are the prime factors of 9551701?
29, 71, 4639
What are the prime factors of 451835?
5, 23, 3929
List the prime factors of 1076139.
3, 39857
List the prime factors of 18071436.
2, 3, 1505953
What are the prime factors of 3805405?
5, 31, 24551
List the prime factors of 2886168.
2, 3, 53, 2269
List the prime factors of 2027.
2027
List the prime factors of 89575.
5, 3583
List the prime factors of 3290492.
2, 109, 7547
What are the prime factors of 17011834?
2, 7, 53, 101, 227
What are the prime factors of 1246442?
2, 623221
List the prime factors of 7999753.
7999753
What are the prime factors of 2162747?
2162747
What are the prime factors of 115613?
115613
What are the prime factors of 870069?
3, 290023
List the prime factors of 446315.
5, 23, 3881
List the prime factors of 1638277.
61, 107, 251
List the prime factors of 1556309.
19, 101, 811
List the prime factors of 671987.
31, 53, 409
List the prime factors of 324132.
2, 3, 27011
List the prime factors of 85847.
85847
List the prime factors of 220657.
263, 839
List the prime factors of 326892.
2, 3, 27241
List the prime factors of 22914544.
2, 37, 38707
What are the prime factors of 22864362?
2, 3, 3810727
What are the prime factors of 5447077?
5447077
What are the prime factors of 326383?
17, 73, 263
What are the prime factors of 1227658?
2, 613829
What are the prime factors of 165889?
19, 8731
What are the prime factors of 6200099?
19, 47, 53, 131
What are the prime factors of 86976?
2, 3, 151
What are the prime factors of 73458?
2, 3, 7, 11, 53
List the prime factors of 371734.
2, 11, 61, 277
What are the prime factors of 82365?
3, 5, 17, 19
List the prime factors of 500047.
29, 43, 401
List the prime factors of 22009717.
22009717
List the prime factors of 7727403.
3, 2575801
List the prime factors of 1869957.
3, 173, 1201
What are the prime factors of 1422103?
1422103
List the prime factors of 34437615.
3, 5, 2295841
List the prime factors of 7523122.
2, 29, 151, 859
What are the prime factors of 20907981?
3, 31, 137, 547
What are the prime factors of 33459827?
33459827
What are the prime factors of 3188577?
3, 7, 109, 199
List the prime factors of 900590.
2, 5, 90059
List the prime factors of 1589702.
2, 103, 7717
List the prime factors of 12432452.
2, 397, 7829
What are the prime factors of 5661398?
2, 71, 39869
What are the prime factors of 643007?
47, 13681
What are the prime factors of 1553454?
2, 3, 7, 12329
What are the prime factors of 34274?
2, 17137
List the prime factors of 225725.
5, 9029
What are the prime factors of 689015?
5, 137803
List the prime factors of 579553.
13, 109, 409
List the prime factors of 7663160.
2, 5, 191579
List the prime factors of 27734274.
2, 3, 23, 31, 2161
What are the prime factors of 20606435?
5, 797, 5171
What are the prime factors of 609803?
609803
What are the prime factors of 93034?
2, 181, 257
What are the prime factors of 205832?
2, 11, 2339
List the prime factors of 421972.
2, 31, 41, 83
List the prime factors of 959887.
959887
What are the prime factors of 5831762?
2, 263, 11087
List the prime factors of 12514527.
3, 463501
List the prime factors of 17104431.
3, 17, 335381
List the prime factors of 17502307.
17502307
What are the prime factors of 1763543?
1763543
List the prime factors of 1685677.
7, 240811
What are the prime factors of 1199316?
2, 3, 17, 5879
List the prime factors of 517768.
2, 61, 1061
What are the prime factors of 2466577?
31, 251, 317
List the prime factors of 162449.
7, 23, 1009
What are the prime factors of 191394?
2, 3, 7, 31
List the prime factors of 220934.
2, 7, 43, 367
What are the prime factors of 9268316?
2, 2317079
What are the prime factors of 215421?
3, 71807
What are the prime factors of 278367?
3, 92789
What are the prime factors of 1250597?
211, 5927
What are the prime factors of 4448906?
2, 7, 11, 4127
List the prime factors of 107777.
107777
List the prime factors of 13734256.
2, 59, 14549
What are the prime factors of 1320304?
2, 179, 461
What are the prime factors of 5841586?
2, 23, 29, 151
List the prime factors of 3988821.
3, 23, 57809
What are the prime factors of 254275?
5, 7, 1453
List the prime factors of 566510.
2, 5, 7, 8093
What are the prime factors of 192110?
2, 5, 19211
List the prime factors of 7711969.
23, 331, 1013
List the prime factors of 1285763.
1